 and 5.
1
What is the highest common divisor of 19152 and 819?
63
Calculate the greatest common factor of 5065 and 115.
5
Calculate the greatest common factor of 39437 and 113.
113
Calculate the greatest common factor of 4296 and 8712.
24
What is the greatest common factor of 29146 and 608?
38
Calculate the highest common factor of 30750 and 1150.
50
Calculate the highest common factor of 2322 and 891.
27
Calculate the highest common divisor of 158433 and 1683.
33
Calculate the highest common factor of 1092 and 339976.
364
Calculate the greatest common factor of 6080 and 2480.
80
Calculate the highest common factor of 84 and 61640.
4
What is the highest common factor of 1243 and 473?
11
Calculate the greatest common factor of 10008 and 288.
72
Calculate the highest common divisor of 1938 and 107559.
969
What is the highest common divisor of 40077 and 146583?
549
What is the highest common factor of 179872 and 231?
77
What is the highest common factor of 105 and 481775?
35
Calculate the greatest common divisor of 289 and 202589.
289
Calculate the greatest common divisor of 4 and 21116.
4
Calculate the greatest common divisor of 1927053 and 651.
93
What is the greatest common divisor of 11829 and 3?
3
Calculate the greatest common factor of 5182639 and 11.
11
What is the greatest common divisor of 130 and 508880?
10
What is the highest common divisor of 38279 and 909?
101
Calculate the highest common factor of 1002097 and 673.
673
Calculate the greatest common factor of 14588 and 28.
28
What is the highest common factor of 68 and 6302444?
68
What is the greatest common divisor of 1416 and 22932?
12
Calculate the greatest common divisor of 484 and 143.
11
What is the greatest common factor of 1333 and 73532?
31
Calculate the highest common factor of 45 and 870.
15
Calculate the greatest common divisor of 7 and 493.
1
Calculate the highest common factor of 540 and 16416.
108
Calculate the greatest common factor of 328996 and 18407.
233
What is the highest common factor of 678 and 20679?
339
What is the greatest common divisor of 1060 and 116335?
265
What is the greatest common divisor of 119 and 348330?
17
Calculate the highest common factor of 438 and 101835.
219
What is the greatest common divisor of 3653385 and 255?
255
What is the highest common divisor of 1220646 and 28?
14
What is the greatest common divisor of 11004 and 504?
84
What is the highest common divisor of 102591 and 18?
9
What is the highest common divisor of 24 and 215724?
12
Calculate the greatest common factor of 28080 and 75426.
78
Calculate the highest common factor of 147864 and 72.
24
What is the highest common factor of 71195 and 5?
5
What is the greatest common factor of 339 and 852?
3
Calculate the greatest common factor of 125 and 680750.
125
What is the greatest common factor of 113876 and 166?
166
What is the greatest common factor of 389 and 532541?
389
Calculate the greatest common divisor of 703 and 20501.
19
Calculate the highest common divisor of 2112 and 5192.
88
Calculate the greatest common divisor of 44 and 6644.
44
What is the highest common divisor of 1308 and 24?
12
What is the greatest common factor of 1067412 and 30?
6
Calculate the highest common divisor of 819 and 14399.
7
What is the greatest common factor of 791 and 77?
7
What is the greatest common factor of 52592 and 2432?
304
Calculate the greatest common factor of 591416 and 448.
56
Calculate the highest common divisor of 201 and 4631241.
201
Calculate the greatest common factor of 26612 and 12.
4
What is the highest common divisor of 200 and 1490?
10
Calculate the greatest common factor of 60 and 657580.
20
What is the highest common factor of 464 and 13369?
29
What is the highest common factor of 240 and 924800?
80
Calculate the highest common divisor of 6547 and 155.
1
Calculate the greatest common divisor of 19800 and 1000.
200
What is the greatest common divisor of 876 and 56283?
219
Calculate the greatest common divisor of 2929 and 203.
29
What is the highest common divisor of 932330 and 280?
70
Calculate the highest common factor of 10 and 101410.
10
What is the greatest common factor of 14467 and 578?
17
Calculate the greatest common divisor of 7 and 42063.
7
What is the highest common factor of 694 and 56?
2
Calculate the highest common divisor of 104 and 8515.
13
What is the highest common divisor of 891025 and 145?
145
What is the greatest common divisor of 29887 and 7839?
13
What is the highest common factor of 50416 and 80?
16
What is the greatest common divisor of 643 and 1?
1
Calculate the highest common divisor of 10868 and 102388.
572
Calculate the highest common factor of 3024 and 5454.
54
Calculate the greatest common divisor of 15 and 97710.
15
Calculate the highest common factor of 20560 and 80.
80
What is the highest common divisor of 3872 and 1090936?
968
Calculate the greatest common factor of 7413840 and 7.
7
Calculate the highest common factor of 3122 and 183752.
446
What is the highest common factor of 11 and 49577?
11
What is the greatest common divisor of 10573 and 12753?
109
What is the highest common divisor of 1041456 and 416?
208
Calculate the highest common factor of 555709 and 99.
11
Calculate the greatest common factor of 2975 and 7259.
119
Calculate the greatest common factor of 50654 and 418.
38
What is the greatest common divisor of 1034 and 6424?
22
What is the highest common factor of 210690 and 90?
90
What is the highest common factor of 522 and 5461686?
522
Calculate the highest common divisor of 94 and 1835209.
47
Calculate the highest common divisor of 124 and 84599.
31
Calculate the greatest common divisor of 684645 and 10.
5
Calculate the greatest common factor of 1104 and 126408.
552
What is the greatest common divisor of 158214 and 42?
42
What is the highest common divisor of 108612 and 252?
252
What is the highest common factor of 120 and 24040?
40
What is the greatest common factor of 1158 and 145329?
579
What is the greatest common factor of 591 and 172178?
197
What is the greatest common factor of 26944 and 320?
64
Calculate the highest common divisor of 58184 and 56.
56
Calculate the highest common divisor of 1425 and 228.
57
Calculate the greatest common factor of 20 and 99290.
10
What is the greatest common factor of 930677 and 3212?
803
Calculate the highest common factor of 736 and 4163.
23
Calculate the greatest common divisor of 116 and 26419.
29
What is the greatest common divisor of 781 and 6035?
71
Calculate the greatest common factor of 372034 and 208.
26
What is the highest common divisor of 123418 and 23?
23
Calculate the highest common factor of 1937 and 208898.
149
What is the greatest common divisor of 45216 and 785?
157
Calculate the greatest common factor of 255954 and 174.
174
Calculate the greatest common factor of 153551 and 97.
97
Calculate the greatest common divisor of 826 and 2498.
2
Calculate the greatest common factor of 886 and 26137.
443
Calculate the greatest common factor of 4697 and 127589.
77
Calculate the greatest common divisor of 3834714 and 4194.
1398
Calculate the greatest common factor of 266 and 161709.
19
Calculate the highest common divisor of 1212636 and 36.
12
What is the greatest common divisor of 897 and 13611?
39
What is the highest common factor of 21279 and 16113?
123
What is the highest common factor of 2916 and 2836?
4
What is the greatest common factor of 696 and 46848?
24
Calculate the highest common factor of 9 and 17325.
9
What is the highest common divisor of 2494 and 1376?
86
What is the highest common divisor of 74547 and 502?
251
Calculate the highest common divisor of 847351 and 61.
61
What is the greatest common factor of 1424 and 4923480?
712
What is the greatest common factor of 2730 and 1815?
15
Calculate the greatest common divisor of 9922 and 2542.
82
What is the highest common divisor of 60810 and 285?
15
Calculate the highest common divisor of 116 and 52.
4
Calculate the highest common factor of 58 and 20532.
58
What is the highest common divisor of 790 and 1318510?
790
Calculate the greatest common divisor of 484 and 23353.
121
What is the greatest common factor of 15456 and 35364?
84
Calculate the greatest common divisor of 171226 and 8514.
946
Calculate the greatest com